dreds digit of 2414455?
4
What is the hundreds digit of 10800538?
5
What is the ten thousands digit of 247725?
4
What is the tens digit of 31394?
9
What is the hundreds digit of 30589?
5
What is the tens digit of 462018?
1
What is the hundreds digit of 173755?
7
What is the units digit of 30901?
1
What is the ten thousands digit of 40079?
4
What is the hundreds digit of 724129?
1
What is the units digit of 228237?
7
What is the hundred thousands digit of 14921086?
9
What is the units digit of 139480?
0
What is the thousands digit of 150575?
0
What is the hundreds digit of 48081?
0
What is the hundreds digit of 1528892?
8
What is the thousands digit of 1557182?
7
What is the thousands digit of 769067?
9
What is the tens digit of 606719?
1
What is the thousands digit of 724780?
4
What is the millions digit of 4958216?
4
What is the ten thousands digit of 1212307?
1
What is the units digit of 153466?
6
What is the hundreds digit of 1717806?
8
What is the ten thousands digit of 992425?
9
What is the thousands digit of 30575?
0
What is the hundred thousands digit of 5672858?
6
What is the hundred thousands digit of 4337448?
3
What is the units digit of 1682797?
7
What is the units digit of 1892345?
5
What is the hundreds digit of 11719845?
8
What is the thousands digit of 10394789?
4
What is the thousands digit of 30177?
0
What is the tens digit of 884219?
1
What is the thousands digit of 470208?
0
What is the ten millions digit of 13946914?
1
What is the units digit of 2848032?
2
What is the thousands digit of 9514744?
4
What is the thousands digit of 178298?
8
What is the tens digit of 143213?
1
What is the thousands digit of 3069073?
9
What is the hundreds digit of 485086?
0
What is the ten thousands digit of 1302701?
0
What is the thousands digit of 2239575?
9
What is the ten thousands digit of 4883656?
8
What is the tens digit of 235996?
9
What is the ten thousands digit of 342156?
4
What is the hundreds digit of 448278?
2
What is the tens digit of 11766256?
5
What is the ten thousands digit of 663294?
6
What is the ten thousands digit of 13688243?
8
What is the units digit of 167909?
9
What is the thousands digit of 127720?
7
What is the hundreds digit of 1474568?
5
What is the thousands digit of 384219?
4
What is the ten thousands digit of 8937469?
3
What is the millions digit of 42086073?
2
What is the ten thousands digit of 14782?
1
What is the units digit of 102949?
9
What is the hundreds digit of 238161?
1
What is the hundreds digit of 2007405?
4
What is the thousands digit of 1155?
1
What is the thousands digit of 2264404?
4
What is the tens digit of 20557296?
9
What is the units digit of 91938?
8
What is the hundreds digit of 454592?
5
What is the tens digit of 2830478?
7
What is the ten thousands digit of 535874?
3
What is the hundred thousands digit of 10670322?
6
What is the tens digit of 233361?
6
What is the tens digit of 1934858?
5
What is the millions digit of 1190705?
1
What is the ten thousands digit of 750128?
5
What is the hundreds digit of 2674517?
5
What is the hundred thousands digit of 450784?
4
What is the hundreds digit of 113560?
5
What is the tens digit of 291151?
5
What is the thousands digit of 2589472?
9
What is the ten thousands digit of 324496?
2
What is the ten thousands digit of 1195197?
9
What is the units digit of 5579676?
6
What is the tens digit of 4234175?
7
What is the tens digit of 350671?
7
What is the hundred thousands digit of 145717?
1
What is the thousands digit of 242789?
2
What is the units digit of 1129352?
2
What is the ten thousands digit of 467012?
6
What is the thousands digit of 6338917?
8
What is the hundred thousands digit of 441899?
4
What is the ten millions digit of 12578186?
1
What is the units digit of 2839969?
9
What is the hundreds digit of 6074941?
9
What is the thousands digit of 150558?
0
What is the hundreds digit of 20962842?
8
What is the units digit of 4861055?
5
What is the ten thousands digit of 6194317?
9
What is the hundred thousands digit of 322422?
3
What is the hundred thousands digit of 129582?
1
What is the thousands digit of 302824?
2
What is the units digit of 702896?
6
What is the hundreds digit of 1957850?
8
What is the millions digit of 10007255?
0
What is the tens digit of 321043?
4
What is the units digit of 89170?
0
What is the thousands digit of 31433095?
3
What is the thousands digit of 128660?
8
What is the hundreds digit of 107903?
9
What is the units digit of 23500912?
2
What is the ten thousands digit of 52036?
5
What is the units digit of 5239932?
2
What is the hundreds digit of 14993659?
6
What is the tens digit of 414881?
8
What is the hundred thousands digit of 506385?
5
What is the hundreds digit of 7109?
1
What is the ten thousands digit of 2500893?
0
What is the hundred thousands digit of 1108740?
1
What is the tens digit of 4461817?
1
What is the thousands digit of 361728?
1
What is the hundreds digit of 109326?
3
What is the units digit of 1004249?
9
What is the thousands digit of 1111682?
1
What is the hundreds digit of 456815?
8
What is the ten thousands digit of 4474655?
7
What is the tens digit of 59489?
8
What is the ten thousands digit of 475526?
7
What is the tens digit of 8442889?
8
What is the hundreds digit of 354334?
3
What is the tens digit of 234895?
9
What is the ten thousands digit of 1086301?
8
What is the units digit of 1265794?
4
What is the tens digit of 1012999?
9
What is the hundreds digit of 4424112?
1
What is the ten thousands digit of 246920?
4
What is the ten thousands digit of 3480102?
8
What is the tens digit of 3000483?
8
What is the thousands digit of 78616?
8
What is the tens digit of 667892?
9
What is the tens digit of 53251?
5
What is the thousands digit of 7884601?
4
What is the millions digit of 6569203?
6
What is the tens digit of 130575?
7
What is the thousands digit of 3476289?
6
What is the tens digit of 9817?
1
What is the ten thousands digit of 192156?
9
What is the ten thousands digit of 6476801?
7
What is the units digit of 37296043?
3
What is the ten thousands digit of 340789?
4
What is the hundreds digit of 11639764?
7
What is the thousands digit of 25346090?
6
What is the units digit of 34069586?
6
What is the hundred thousands digit of 1157014?
1
What is the hundreds digit of 1168847?
8
What is the ten thousands digit of 1401929?
0
What is the hundreds digit of 210322?
3
What is the hundreds digit of 254869?
8
What is the thousands digit of 15325644?
5
What is the hundred thousands digit of 403448?
4
What is the tens digit of 1020607?
0
What is the hundred thousands digit of 237729?
2
What is the units digit of 484668?
8
What is the units digit of 2208809?
9
What is the millions digit of 2782747?
2
What is the millions digit of 1611996?
1
What is the units digit of 4989128?
8
What is the thousands digit of 3215174?
5
What is the hundred thousands digit of 263792?
2
What is the hundreds digit of 39221?
2
What is the units digit of 7235944?
4
What is the tens digit of 399079?
7
What is the units digit of 1525000?
0
What is the thousands digit of 4631686?
1
What is the hundreds digit of 752693?
6
What is the hundreds digit of 231115?
1
What is the hundreds digit of 129110?
1
What is the units digit of 22119243?
3
What is the tens digit of 890904?
0
What is the units digit of 519572?
2
What is the ten millions digit of 17536095?
1
What is the hundreds digit of 338324?
3
What is the millions digit of 1922922?
1
What is the hundreds digit of 201151?
1
What is the hundreds digit of 1042910?
9
What is the hundred thousands digit of 15527550?
5
What is the units digit of 373322?
2
What is the ten thousands digit of 118478?
1
What is the tens digit of 354134?
3
What is the millions digit of 1807711?
1
What is the hundred thousands digit of 1148879?
1
What is the hundreds digit of 526833?
8
What is the hundreds digit of 3416?
4
What is the thousands digit of 132367?
2
What is the millions digit of 3780880?
3
What is the units digit of 33976101?
1
What is the ten thousands digit of 190802?
9
What is the millions digit of 26205526?
6
What is the hundred thousands digit of 8420839?
4
What is the ten thousands digit of 75188?
7
What is the ten thousands digit of 6299012?
9
What is the thousands digit of 2023